t m(q) be the first derivative of -q**3/3 - 9*q**2/2 + 6*q - 4. List the prime factors of m(-8).
2, 7
Suppose 0 = -4*i + 2*d + 3 + 11, -13 = -4*i + d. Let f(s) = s**3 - 11*s**2 + 13*s + 6. Let t be f(10). Suppose -i*o = o - t. What are the prime factors of o?
3
List the prime factors of (-17)/(-51)*1*171.
3, 19
Suppose -5*c = -6*c + 3. Let b = c - -7. What are the prime factors of b?
2, 5
Let v(h) = h**3 - 2*h**2 - h + 29. List the prime factors of v(0).
29
Let k be -1 + 0 - (-1 + 0). Suppose 2*w + 5*z = 12, 4*w + 5*z = -k*w + 34. Let x = 18 - w. What are the prime factors of x?
7
Let a(o) = -o**3 + 6*o**2 + 6*o + 8. Let w be a(7). List the prime factors of w/(-3 - (-390)/129).
43
Let h(u) be the third derivative of 3*u**6/40 + u**5/30 - u**4/24 - 2*u**2. What are the prime factors of h(1)?
2, 5
Let s(l) = 5 - 6 + 9*l**2 - 3*l**2 + l**3 + 5*l. List the prime factors of s(-4).
11
Suppose 6 = 2*o - 0. Suppose u + 42 = 2*j + j, o*j - 5*u - 42 = 0. What are the prime factors of j?
2, 7
Let b(m) = m**3 + 11*m**2 + 8*m + 9. What are the prime factors of b(-10)?
29
Suppose -q + 32 + 62 = 0. List the prime factors of q.
2, 47
Suppose -4*g = 52 + 4. Suppose -3*r + 2*l - 25 = -112, 4*l + 19 = r. Let o = g + r. What are the prime factors of o?
17
Let c(r) = r + 3. Let k be -1 + 3 + 1 + -5. Let t be c(k). What are the prime factors of (t/(-3))/(4/(-60))?
5
Let d(z) = -z**3 + 4*z**2 + z - 1. Let v be d(4). Suppose -29 - v = -2*s. What are the prime factors of s?
2
Let c = 24 + 65. What are the prime factors of c?
89
Let p = 40 + -22. Suppose 5*n + 25 = 0, 0 = 5*r - 2*n - 7 - p. What are the prime factors of r?
3
Suppose 3*w = 3*a + 99, 6*w - 114 = 2*w - 2*a. Let i = 17 + w. What are the prime factors of i?
47
Suppose -5*d + 4*p - 8 = -33, -5*d - p = -25. Suppose -5*x + 3 + 92 = -d*m, 4*x - 112 = -5*m. List the prime factors of x.
23
Let f(l) = -l**2 - l + 79. What are the prime factors of f(0)?
79
Let x be 0 + -1 + 2 - -1. Suppose 7*b = x*b - 105. What are the prime factors of 0 + b/(-6)*2?
7
List the prime factors of (2 - (-30)/4)*8.
2, 19
Let o = -9 - -10. Let m(w) = 6*w. Let c be m(1). Suppose c = y + o. List the prime factors of y.
5
Suppose 0*x = 3*x - 120. What are the prime factors of x?
2, 5
Let u = 6 - -12. What are the prime factors of u?
2, 3
Let o(p) = -p**2 - 14*p - 17. Let c be o(-13). What are the prime factors of ((-114)/c)/(-3)*-2?
19
Let p be -3*(-3)/(-12)*-68. Let s = -33 + p. Suppose -37 = -5*y + s. List the prime factors of y.
11
Suppose 2 = -f + 4. Let w(q) = 2*q**3 - 2*q**2 + 1. What are the prime factors of w(f)?
3
Let w(y) = -2*y - 6. List the prime factors of w(-9).
2, 3
Suppose c = -5*a - 3, -4*c + a - 5*a + 52 = 0. Let m = c + -4. List the prime factors of m.
13
Let w(k) = -k**3 + 5*k**2 + 5*k - 6. List the prime factors of w(5).
19
Let v(h) = h**3 + 9*h**2 + 6*h + 1. List the prime factors of v(-8).
17
Let s(i) = -57*i - 23. List the prime factors of s(-2).
7, 13
Let z = 602 + -422. List the prime factors of z.
2, 3, 5
Let j be ((-8)/(-10))/((-6)/15). List the prime factors of j/7 + (-186)/(-14).
13
Let y(w) = 2*w. Suppose -5*n + 2 + 3 = 0. Let b be y(n). Suppose -5*z + b*z = -12. List the prime factors of z.
2
Let c = -24 + -32. Let k = c + 86. List the prime factors of k.
2, 3, 5
Suppose 3 = 5*u + 18. Let x = u + 5. List the prime factors of x.
2
Let j(a) = 58*a**3 + 2*a**2 - a + 2. Let p be j(-2). What are the prime factors of 20/(-70) - p/14?
2
Suppose -6*d = -d + 40. Let b = d - -6. List the prime factors of -3*b/(-8)*-4.
3
Suppose 10*q - 6*q = 240. What are the prime factors of q?
2, 3, 5
Let s(h) = 3*h**2 - 15*h + 9. What are the prime factors of s(7)?
3, 17
Suppose 0 = 2*f + p + 5, 2*p + 0*p = -5*f - 10. Suppose 0 = -2*w - f*w + 16. What are the prime factors of w?
2
Let f(i) = i**2 + 13*i + 14. Let w = -42 + 28. What are the prime factors of f(w)?
2, 7
What are the prime factors of (-60 + 2)*(-2)/4?
29
List the prime factors of 2/(-6) + 902/33.
3
Let m(z) = -z - 13. Let p be m(-10). Let s = p + 6. List the prime factors of s.
3
Let k(z) = z**3 + 6*z**2 + 3*z. What are the prime factors of k(-5)?
2, 5
Let z = 48 - 29. Suppose 2*i + z = -25. Let u = i + 32. What are the prime factors of u?
2, 5
Suppose 3*m = -3*r - 2*m - 1, 25 = -5*m. Suppose 2*a + 38 = -0*a + 3*p, -r = -4*p. Let z = a - -32. List the prime factors of z.
2
Let g(z) = -7*z - 40 + 6 + 19. List the prime factors of g(-8).
41
Let c = -13 - -7. Let j(l) = 5*l + 9. Let z be j(c). Let t = z - -31. What are the prime factors of t?
2, 5
Suppose 7 = -p + 5*j, p + 0*j + 3 = j. What are the prime factors of (39/(-15))/(p/10)?
13
Let l = 37 + -17. Suppose -3*m = -8*m + l. Suppose -21 = -7*g + 2*g + 3*o, 3*g = -m*o + 1. What are the prime factors of g?
3
What are the prime factors of 1/(((-1)/184)/(20/(-16)))?
2, 5, 23
Suppose 4*z = 2*d - 40, 139 = 4*d + 4*z + 23. What are the prime factors of d?
2, 13
Let v(w) = w**3 + 8*w**2 - 2. Let i be v(-8). Let z(k) = -5*k**3 - 2*k**2 - k. What are the prime factors of z(i)?
2, 17
Let z(y) = 4*y**2 - 5*y - 3. What are the prime factors of z(-6)?
3, 19
Let t(z) = -z - 30. Let k be t(-15). List the prime factors of (-876)/k + (-9)/(-15).
59
Let v = -1 - -9. Let w = v + -2. What are the prime factors of w?
2, 3
Let z be -1 + 18/(-2*1). Let i be (12/z)/((-3)/45). Suppose -5*g + i = -7. List the prime factors of g.
5
Let j = 0 - -5. Suppose -3*h - j*q + 74 = 0, 2*h + 4*q = 19 + 29. List the prime factors of h.
2, 7
Let g(x) be the third derivative of 7*x**6/60 - x**5/60 + 3*x**2. Let w be (-1)/((2 - 4)/2). List the prime factors of g(w).
13
Let w be (-45)/20 + (-2)/(-8). List the prime factors of -1*((-39)/3 - w).
11
List the prime factors of (-536)/(-3) - (2 - (-14)/(-6)).
179
Suppose 7*f - 1204 = -0*f. What are the prime factors of f?
2, 43
Suppose -107*c + 102*c + 490 = 0. List the prime factors of c.
2, 7
Suppose 0 = 2*m - 6, 0 = 2*h - 3*h + 2*m + 39. Suppose 0 = -s - 2*s + 4*g + 100, -s + h = g. List the prime factors of s.
2, 5
Let g(o) = o**2 - 2*o**2 + 0*o**2 - o**3. Let t be g(0). Suppose t*n - 13 = -n. List the prime factors of n.
13
Suppose -5*l - 6*h = -4*h + 10, -4*l = -3*h - 15. Suppose l = 5*u - 19 - 31. List the prime factors of u.
2, 5
Let l = 14 - -1. Suppose -41 = -2*s + l. List the prime factors of s.
2, 7
Suppose 3*u - 5*u + 4 = 0, u = 4*p + 6. Let h be 5/(-15) - 20/(-6). Let j = h + p. List the prime factors of j.
2
Let j(a) = 2*a**3 - 5*a**3 + 4 - 2*a + 4*a**3 + 5*a**2. What are the prime factors of j(-5)?
2, 7
Let h be 3/12 + 39/4. Let w = -7 + h. Suppose -q + w = -2. List the prime factors of q.
5
List the prime factors of 0/2 - ((-289)/1 - -3).
2, 11, 13
Let m be (-122)/(-14) - (-2)/7. Let c(o) = -o**2 - 7 + 11*o + 8*o - m*o. What are the prime factors of c(7)?
2, 7
Suppose 5*p + z - 152 = 0, 4*p - 2*p = 5*z + 77. Let x = -8 + p. List the prime factors of x.
23
Let i(l) = -l**2 - 2*l + 1. Let z be i(-3). Let t = -5 + 8. List the prime factors of ((-30)/z)/3 + t.
2
Suppose q = -z - z, 5*z = -4*q + 15. Suppose 45 = q*t - 5*t. What are the prime factors of t?
3
Let p(s) = s**2 - 3*s + 1. Let b be p(3). Let c be ((-26)/8)/(b/(-4)). Suppose -y = -3*g + c - 4, -3*y + 5*g - 11 = 0. What are the prime factors of y?
3
Suppose 0 = -9*z + 6*z + 15. Suppose -z*j = -j - 64. What are the prime factors of j?
2
Let h be (-18)/(-3 + 16/6). Suppose -g - 2*g + 36 = 2*z, -3*g - h = -4*z. Suppose -2*l = 3*l - z. What are the prime factors of l?
3
Suppose 70 = 5*a - 3*l, 0 = 5*a - 4*l - 34 - 31. List the prime factors of a.
17
Let l(o) be the first derivative of -o**4/4 - 5*o**3/3 + 4*o - 1. Let a be (-1)/4 - (-38)/(-8). What are the prime factors of l(a)?
2
Let k = 0 - -29. Suppose -2*b + b = d - 7, 0 = 4*b + 5*d - k. Let m(q) = 2*q**2 - 10*q + 6. List the prime factors of m(b).
2, 3
Let l(z) = z**2 - 7*z - 2. What are the prime factors of l(10)?
2, 7
Let d(r) = 7*r. Let t be d(1). Let b = t + -5. List the prime factors of b/8 + (-35)/(-4).
3
Suppose 0 = -0*r + 3*r - 42. Suppose 0 = -h - h + r. What are the prime factors of h?
7
Suppose 960 = 23*q - 17*q. List the prime factors of q.
2, 5
Let r(x) = -x**3 + 9*x**2 - 4*x + 5. What are the prime factors of r(7)?
3, 5
Let j(y) = -2*y + 1 - y + 10 + 4*y. Let i be (18/2)/(-3 - 